False
Does 128 divide 157952?
True
Is 253175 a multiple of 41?
True
Does 155 divide 4572065?
False
Is 6 a factor of 26139?
False
Is 94 a factor of 443868?
True
Is 2274 a factor of 22855809?
False
Does 11 divide 2977271?
True
Is 7 a factor of 254732?
False
Is 717381 a multiple of 7?
True
Does 19 divide 38551?
True
Is 10 a factor of 11182713?
False
Is 400 a factor of 406000?
True
Is 3563 a multiple of 7?
True
Is 876534 a multiple of 10?
False
Is 767 a factor of 847211?
False
Is 260625 a multiple of 25?
True
Is 306 a factor of 404532?
True
Is 21432 a multiple of 114?
True
Is 1688120 a multiple of 140?
True
Is 10123232 a multiple of 1051?
True
Does 67 divide 846699?
False
Is 1928 a factor of 13072335?
False
Is 580838 a multiple of 32?
False
Is 9 a factor of 34161?
False
Is 570 a factor of 1488180?
False
Does 45 divide 998840?
False
Is 1720520 a multiple of 9?
False
Does 8 divide 154017?
False
Is 13 a factor of 41746?
False
Is 274432 a multiple of 268?
True
Does 34 divide 16082?
True
Does 28 divide 238151?
False
Is 30443 a multiple of 6?
False
Is 38 a factor of 3664049?
False
Is 8 a factor of 61320?
True
Does 63 divide 1908249?
False
Is 87774 a multiple of 10?
False
Is 252 a factor of 1157335?
False
Does 107 divide 243790?
False
Does 46 divide 298310?
True
Is 372 a factor of 576030?
False
Is 98636 a multiple of 29?
False
Is 124 a factor of 2121807?
False
Is 768180 a multiple of 465?
True
Is 1510776 a multiple of 72?
True
Does 117 divide 2114464?
False
Is 300888 a multiple of 63?
True
Does 32 divide 39342?
False
Is 118 a factor of 637810?
False
Is 1790 a factor of 2133680?
True
Does 486 divide 2707020?
True
Is 84822 a multiple of 67?
True
Is 306735 a multiple of 96?
False
Is 63818 a multiple of 3?
False
Is 697545 a multiple of 27?
True
Does 57 divide 59226?
False
Does 25 divide 25701?
False
Is 88803 a multiple of 27?
True
Is 64 a factor of 2302784?
True
Is 275 a factor of 1361140?
False
Is 107811 a multiple of 620?
False
Is 25803987 a multiple of 18?
False
Does 220 divide 943800?
True
Does 6 divide 1032828?
True
Is 14 a factor of 98740?
False
Does 38 divide 85582?
False
Is 17 a factor of 403213?
False
Is 983489 a multiple of 277?
False
Is 31 a factor of 351019?
False
Is 149 a factor of 5166426?
True
Is 5172327 a multiple of 185?
False
Does 606 divide 119988?
True
Is 272885 a multiple of 565?
False
Does 21 divide 1142862?
True
Is 15 a factor of 363859?
False
Does 11 divide 62018?
True
Is 929250 a multiple of 750?
True
Is 5324135 a multiple of 7?
False
Is 3 a factor of 32897?
False
Is 657492 a multiple of 374?
True
Is 49 a factor of 1781836?
True
Does 6 divide 76284?
True
Does 12 divide 1077528?
True
Is 219963 a multiple of 31?
False
Is 724041 a multiple of 256?
False
Does 12 divide 686400?
True
Does 44 divide 674345?
False
Does 343 divide 1012629?
False
Does 6 divide 1340028?
True
Does 583 divide 5912006?
False
Does 369 divide 82748?
False
Is 12007512 a multiple of 22?
True
Is 361 a factor of 708089?
False
Does 12 divide 83328?
True
Does 4 divide 11222?
False
Is 14 a factor of 439992?
True
Is 5 a factor of 99055?
True
Does 5 divide 36786?
False
Is 624151 a multiple of 28?
False
Is 33 a factor of 754347?
True
Does 603 divide 4438683?
True
Is 97 a factor of 70034?
True
Is 1770976 a multiple of 327?
False
Does 447 divide 121584?
True
Is 373620 a multiple of 12?
True
Does 994 divide 11439915?
False
Does 21 divide 56912?
False
Is 55 a factor of 82665?
True
Is 172331 a multiple of 7?
False
Does 16 divide 12578288?
True
Is 64419 a multiple of 8?
False
Is 33 a factor of 185757?
True
Does 104 divide 4950371?
False
Is 1841873 a multiple of 11?
True
Does 6 divide 622932?
True
Is 1644614 a multiple of 12?
False
Is 13355 a multiple of 4?
False
Is 66 a factor of 3218045?
False
Is 679 a factor of 22757364?
True
Is 291 a factor of 4947?
True
Is 10 a factor of 7563021?
False
Does 37 divide 1053205?
True
Is 158122 a multiple of 249?
False
Is 11922205 a multiple of 1866?
False
Does 3 divide 136223?
False
Is 5008 a multiple of 313?
True
Does 42 divide 1351860?
False
Does 12 divide 787248?
True
Does 12 divide 981984?
True
Does 22 divide 470338?
True
Is 19 a factor of 1187614?
True
Is 25 a factor of 3421100?
True
Is 1034348 a multiple of 106?
True
Is 205596 a multiple of 6?
True
Does 172 divide 5078988?
True
Does 54 divide 35208?
True
Does 16 divide 133008?
True
Does 22 divide 4058186?
True
Is 13 a factor of 608725?
True
Is 38 a factor of 799292?
True
Is 752391 a multiple of 33?
False
Is 19 a factor of 7106?
True
Does 92 divide 253460?
True
Is 3455034 a multiple of 100?
False
Is 33 a factor of 6870117?
False
Is 152 a factor of 19860?
False
Does 25 divide 5923475?
True
Does 14 divide 249196?
False
Does 37 divide 6729478?
False
Is 5 a factor of 173010?
True
Is 20968 even?
True
Is 14 a factor of 66854?
False
Is 48 a factor of 2929536?
True
Does 3 divide 28476?
True
Does 14 divide 69062?
True
Is 75 a factor of 264450?
True
Is 54 a factor of 522882?
True
Is 18 a factor of 1311473?
False
Is 117708 a multiple of 34?
True
Is 93442 a multiple of 14?
False
Is 234 a factor of 379881?
False
Does 9 divide 40552?
False
Is 78 a factor of 1285671?
False
Is 4110016 a multiple of 862?
True
Does 8 divide 701600?
True
Does 171 divide 313614?
True
Is 2 a factor of 159110?
True
Is 20 a factor of 2016517?
False
Is 257676 a multiple of 35?
False
Is 5 a factor of 1179416?
False
Is 9970369 a multiple of 9?
False
Is 8 a factor of 1099052?
False
Does 6 divide 90537?
False
Is 17 a factor of 160412?
True
Is 14 a factor of 2665465?
False
Does 58 divide 434288?
False
Is 10 a factor of 17550?
True
Is 187872 a multiple of 273?
False
Is 81 a factor of 277429?
False
Is 53 a factor of 257527?
True
Does 45 divide 2828970?
True
Does 58 divide 26320?
False
Is 299374 a multiple of 362?
True
Is 77 a factor of 28146195?
True
Is 90 a multiple of 5?
True
Is 48 a factor of 1355039?
False
Does 23 divide 5251544?
True
Does 227 divide 202257?
True
Does 26 divide 2724089?
False
Is 94 a factor of 2055661?
False
Is 95102 a multiple of 60?
False
Is 122840 a multiple of 299?
False
Is 26 a factor of 38500?
False
Is 37 a factor of 966662?
True
Is 14 a factor of 6284536?
False
Is 10 a factor of 663951?
False
Is 17 a factor of 2245855?
False
Does 16 divide 6522924?
False
Is 187 a factor of 1861771?
False
Is 444 a factor of 690760?
False
Does 114 divide 475608?
True
Is 24 a factor of 4925952?
True
Is 282971 a multiple of 130?
False
Is 3286971 a multiple of 102?
False
Is 2005 a multiple of 91?
False
Is 28376 a multiple of 6?
False
Is 11736944 a multiple of 375?
False
Is 20 a factor of 1207197?
False
Is 94137 a multiple of 80?
False
Is 10 a factor of 222239?
False
Is 7 a factor of 102564?
True
Is 4696857 a multiple of 1089?
True
Does 510 divide 24677880?
True
Is 239088 a multiple of 997?
False
Does 1439 divide 2657645?
False
Does 11 divide 1284536?
True
Is 112359 a multiple of 67?
True
Is 76 a factor of 180272?
True
Is 642558 a multiple of 145?
False
Is 110257 a multiple of 8?
False
Is 406 a factor of 273544?
False
Is 15716256 a multiple of 62?
True
Is 19 a factor of 201306?
False
Is 17 a factor of 11200359?
False
Is 234516 a multiple of 29?
False
Is 4 a factor of 27512?
True
Does 902 divide 638616?
True
Is 4 a factor of 109239?
False
Does 137 divide 5125397?
False
Does 86 divide 231102?
False
Does 18 divide 30884?
False
Is 19 a factor of 122345?
False
Is 29244 a multiple of 197?
False
Is 251680 a multiple of 520?
True
Does 232 divide 334181?
False
Is 51585 a multiple of 15?
True
Is 44 a factor of 269417?
False
Does 15 divide 449036?
False
Does 29 divide 5921570?
False
Is 18 a factor of 12803?
False
Is 478855 a multiple of 139?
True
Is 295701 a multiple of 10?
False
Is 10374 a multiple of 273?
True
Is 12 a factor of 494392?
False
Does 9 divide 1384?
False
Is 9213379 a multiple of 611?
False
Does 34 divide 252638?
False
Is 216533 a multiple of 321?
False
Does 9 divide 35298?
True
Is 389344 a multiple of 368?
True
Is 20 a factor of 201460?
True
Is 63 a factor of 475484?
False
Is 64 a factor of 159967?
False
Does 1015 divide 18113630?
False
Is 517920 a multiple of 60?
True
Is 241 a factor of 456454?
True
Does 23 divide 261576?
False
Is 5978784 a multiple of 434?
True
Is 253 a factor of 429391?
False
Is 150008 a multiple of 68?
Tr